{"id":7,"date":"2019-07-30T19:54:52","date_gmt":"2019-07-30T22:54:52","guid":{"rendered":"http:\/\/axc.com.br\/index\/?page_id=7"},"modified":"2020-12-02T16:51:06","modified_gmt":"2020-12-02T19:51:06","slug":"home","status":"publish","type":"page","link":"https:\/\/axc.com.br\/index\/index.php\/home\/","title":{"rendered":"Home"},"content":{"rendered":"\n<p>\n\nEmpresa<\/p>\n\n\n\n<h2 class=\"wp-block-heading\"><strong>AXC ASSIST\u00caNCIA T\u00c9CNICA<\/strong><\/h2>\n\n\n\n<p>H\u00e1 mais de 26 anos, atendendo com qualidade, empresas, pessoas f\u00edsicas e profissionais liberais.<\/p>\n\n\n\n<h2 class=\"wp-block-heading\"><strong>Meta<\/strong><\/h2>\n\n\n\n<p>&nbsp; Nossa meta \u00e9 oferecer solu\u00e7\u00f5es criativas e eficientes com qualidade, flexibilidade e rapidez para nossos clientes. Para isto contamos com uma equipe t\u00e9cnica, qualificada em diferentes plataformas tecnol\u00f3gicas, em constante atualiza\u00e7\u00e3o e aprimoramento. Trabalhamos para garantir a estabilidade de sistemas e tecnologias.<\/p>\n\n\n\n<h2 class=\"wp-block-heading\"><strong>Miss\u00e3o<\/strong><\/h2>\n\n\n\n<p>&nbsp; &nbsp;A nossa miss\u00e3o \u00e9 obter o reconhecimento da marca&nbsp;AXC Inform\u00e1tica&nbsp;no mercado e torna-se refer\u00eancia no segmento tecnol\u00f3gico&nbsp;e reparo de equipamentos. Com uma busca constante em aprimorar, inovar, trazendo novidades e solu\u00e7\u00f5es para o nosso cliente.<\/p>\n\n\n\n<h2 class=\"wp-block-heading\"><strong>Valores<\/strong><\/h2>\n\n\n\n<p>&nbsp; &nbsp;A AXC Inform\u00e1tica visa a seriedade no trabalho realizado, o cumprimento dos prazos estabelecidos, qualidade no servi\u00e7o prestado e acima de tudo, o profissionalismo e a \u00e9tica aplicada, superando as expectativas e com intuito de alcan\u00e7armos resultados positivos e satisfat\u00f3rios aos nossos clientes.<\/p>\n\n\n\n<h2 class=\"wp-block-heading\"><strong>Escrit\u00f3rio<\/strong><\/h2>\n\n\n\n<h4 class=\"wp-block-heading\">Rua Conselheiro Antonio Prado, 49 Sala 1 &#8211; Vila Nova<br>     Fones: +55( 19) 99843-0805  <br>                 Campinas &#8211; S\u00e3o Paulo <\/h4>\n\n\n\n<p>e-mail: carlos@axc.com.br  <br>www.axc.com.br<\/p>\n","protected":false},"excerpt":{"rendered":"<p>Empresa AXC ASSIST\u00caNCIA T\u00c9CNICA H\u00e1 mais de 26 anos, atendendo com qualidade, empresas, pessoas f\u00edsicas&#8230;<\/p>\n","protected":false},"author":1,"featured_media":0,"parent":0,"menu_order":0,"comment_status":"closed","ping_status":"closed","template":"","meta":{"footnotes":""},"class_list":["post-7","page","type-page","status-publish","hentry"],"_links":{"self":[{"href":"https:\/\/axc.com.br\/index\/index.php\/wp-json\/wp\/v2\/pages\/7","targetHints":{"allow":["GET"]}}],"collection":[{"href":"https:\/\/axc.com.br\/index\/index.php\/wp-json\/wp\/v2\/pages"}],"about":[{"href":"https:\/\/axc.com.br\/index\/index.php\/wp-json\/wp\/v2\/types\/page"}],"author":[{"embeddable":true,"href":"https:\/\/axc.com.br\/index\/index.php\/wp-json\/wp\/v2\/users\/1"}],"replies":[{"embeddable":true,"href":"https:\/\/axc.com.br\/index\/index.php\/wp-json\/wp\/v2\/comments?post=7"}],"version-history":[{"count":9,"href":"https:\/\/axc.com.br\/index\/index.php\/wp-json\/wp\/v2\/pages\/7\/revisions"}],"predecessor-version":[{"id":79,"href":"https:\/\/axc.com.br\/index\/index.php\/wp-json\/wp\/v2\/pages\/7\/revisions\/79"}],"wp:attachment":[{"href":"https:\/\/axc.com.br\/index\/index.php\/wp-json\/wp\/v2\/media?parent=7"}],"curies":[{"name":"wp","href":"https:\/\/api.w.org\/{rel}","templated":true}]}}